e 4*n + 18 = 5*z, -3*z + 15 = -j*n + 3. List the prime factors of z.
2, 3
Let z be ((-12)/10)/(2/(-10)). Let x(s) = s + 1. Let i(m) = -m**3 + 6*m**2 - 2*m - 3. Let u(c) = i(c) + 3*x(c). What are the prime factors of u(z)?
2, 3
Suppose 0 = 2*p - f - 0*f - 21, 5*f + 60 = 5*p. Let c = 16 - p. What are the prime factors of c?
7
Let y be 82/(-5)*30/(-12). Suppose -4*u + 2*c = -6, y = -0*u + 4*u + 5*c. What are the prime factors of u?
2
Suppose 60 = 6*f - 126. What are the prime factors of f?
31
Suppose -4*w + 12 = u, -3*w + 8 = -5*w + 3*u. Suppose 3*m - 111 = -0*f - 5*f, w*f - 4*m = 34. What are the prime factors of f?
3, 7
Suppose -2*r = -l - 5, r + 2*l + 7 = 4*r. Let h(t) = t - 3. Let y be h(r). Suppose -c = -y*c - 2, -5*c + 90 = 5*j. List the prime factors of j.
2
Let o(v) = v**2 + 4*v - 12. Let s be o(-6). Suppose 2*g + s*g - 4 = 0. List the prime factors of g.
2
Let q = 68 + -45. What are the prime factors of q?
23
Let p(z) = -2*z**2 - 19*z + 7. Let s be p(-8). Suppose -7 - 14 = j. Let v = s + j. What are the prime factors of v?
2, 5
Let b(a) = a**2 + 2 - 3*a + a + 0*a**2. What are the prime factors of b(4)?
2, 5
Let t(a) = a**3 + 9*a**2 - 8*a + 10. Let z be t(-10). Let o be (-2)/(-10) - 18/z. Suppose o*i + 22 = 4*i. List the prime factors of i.
11
Suppose -2*x = 5 - 15. Let w be ((-1)/(-3))/(x/75). Suppose 2*b - w*u - 14 = 21, 0 = 4*b + 4*u - 56. What are the prime factors of b?
3, 5
Suppose 44 = 2*y + 2*u - 36, 154 = 4*y + u. List the prime factors of y.
2, 19
Let i(c) = c**3 + 3*c**2 + 2*c + 4. Let u be i(-3). What are the prime factors of (31 - -3)/(u - -3)?
2, 17
Suppose -6 + 45 = j. List the prime factors of j.
3, 13
What are the prime factors of 12/42 - (-38)/14?
3
Suppose -7*t - 99 = -10*t. List the prime factors of t.
3, 11
Suppose 4 = -5*x + 34. Suppose -5 = -c + x. What are the prime factors of c?
11
Suppose -u = -0*u + 3. Let z be -22*(-2 - u) - -2. What are the prime factors of ((-12)/z)/((-1)/(-15))?
3
Let v be 176/6*6/4. List the prime factors of (3/(-6))/((-2)/v).
11
Let x(f) = 3*f**2 - 5*f**2 - f**3 - 3*f**2. Let s be x(-5). Suppose s = z - 3*v + 11, -2*v = 3*z + 3*v - 37. What are the prime factors of z?
2
Suppose -7*i - 306 + 978 = 0. List the prime factors of i.
2, 3
Let d(x) = -4*x**2 + 2*x**2 + 3*x**2 + 4*x. Let u be d(-4). Suppose u = -5*p - 13 + 58. List the prime factors of p.
3
Suppose 3*b - 6 = 6*b. Suppose 1 = 4*y - 7. List the prime factors of (3 - b - 1) + y.
2, 3
List the prime factors of (-194)/(-6) - 4/12.
2
Suppose 6*c - 24 = -0*c. Suppose 3*q = 5 + c. What are the prime factors of q?
3
Let g(a) = -a + 1. Let y(q) = q**2 + 3*q + 9. Let l(s) = 5*g(s) - y(s). List the prime factors of l(-6).
2
List the prime factors of 0/(-6) - (-48 - -1).
47
Suppose -4*f + 95 = f. List the prime factors of f.
19
Let j(d) = -7*d**2 + 4*d + 2*d**2 + 9 + 0*d**3 - d**3. Let m be j(-6). List the prime factors of ((-12)/14)/((-3)/m).
2, 3
Suppose 0*y = 4*a - 2*y, 0 = 4*a + y. Suppose a = l - 10 - 4. What are the prime factors of l?
2, 7
Let l = 383 - 231. List the prime factors of l.
2, 19
Let b(d) = 17*d - 6 - 14*d - 5. What are the prime factors of b(11)?
2, 11
Let t(u) = -u + 1. Let o be t(3). Let m be (14/(-1) - 2)/o. Suppose -3*s = 5*i - m - 56, 2*i + 5*s = 37. List the prime factors of i.
11
Suppose 0 = 4*t - 30 - 62. Let d be (t/(-4) + 2)*4. List the prime factors of 6/d + (-52)/(-5).
2, 5
Suppose -5*m + 9 = o, -3*o = -2*m - 0*o - 10. Suppose -a - 16 = 3*a. What are the prime factors of a*(1/2 - m)?
2
Let p = -32 - -179. Suppose -3*o = -0*o - p. What are the prime factors of o?
7
Let u(o) = -1. Let s = 3 + -1. Let d(v) = -4*v + 3. Let z(h) = s*u(h) - d(h). What are the prime factors of z(4)?
11
Let g = 158 + -47. List the prime factors of g.
3, 37
Let g be ((-1)/(-1) + 17)/(-1). Let z = g + 30. What are the prime factors of z?
2, 3
Suppose -4*g - 5*b + 73 = 0, 0 = -2*g + 4*b + 1 + 3. What are the prime factors of g?
2, 3
Suppose -96 = 7*h - 11*h. What are the prime factors of h?
2, 3
Suppose -3*s = -w - 7, 4*w + 2 = 5*w. What are the prime factors of s?
3
Let o(i) be the first derivative of 2*i + 1 + 1/2*i**2. List the prime factors of o(8).
2, 5
List the prime factors of ((-12)/16)/((-2)/48).
2, 3
Let t(r) = 2*r**3 - 3*r + 7. List the prime factors of t(5).
2, 11
Let m(w) = -w**3 - 6*w**2 - 5*w. What are the prime factors of m(-7)?
2, 3, 7
Let y(b) = 2*b**2 + 11*b + 7. List the prime factors of y(-7).
2, 7
Let i(s) = -2*s**3 - 7*s**2 + 13. List the prime factors of i(-7).
2, 89
Suppose 0 = b - 3*y - 97, 4*b + y - 2*y = 410. What are the prime factors of b?
103
Suppose -2*p + 3 = 3*h, 2*p - h + 3*h + 2 = 0. Let r(i) = i + 8. What are the prime factors of r(p)?
2
Suppose 0 = 5*s + 4*g - 6*g - 12, -5*g - 15 = -5*s. Suppose 108 = 5*h - s*h. What are the prime factors of h?
2, 3
Let p(l) = -l**2 - 15*l - 25. List the prime factors of p(-7).
31
Suppose j - 20 = 4*s, 0*s + 4*s = 4*j - 44. Let h = j + -3. What are the prime factors of h?
5
Suppose 0 = -4*y + d - 26, -y + 1 - 12 = 2*d. Let g = 7 - y. List the prime factors of g.
2, 7
Let b(o) = -o + 3. Let q be b(0). Suppose -6 = -q*u + 30. What are the prime factors of u?
2, 3
Let y = -51 - -103. List the prime factors of y.
2, 13
Let p = -97 + 161. Suppose 6*a = 2*a + p. List the prime factors of a.
2
Suppose 2*q - 4*q - g = -143, 5*g = 25. List the prime factors of q.
3, 23
Let t = 1 - 1. Suppose t - 4 = -2*y. What are the prime factors of y?
2
Let t = -65 - -131. List the prime factors of t.
2, 3, 11
Suppose -x + i + 31 = 2*i, x = -3*i + 23. List the prime factors of x.
5, 7
What are the prime factors of ((-32)/24)/(3/(-144))?
2
Let f(h) = h**2 + h - 2. Let y be f(-2). Suppose y = b - 7 - 12. List the prime factors of b.
19
Let h = -5 - 1. Let c(n) = -n**3 - 6*n**2 + 2*n + 5. Let x be c(h). What are the prime factors of (x/(-2))/((-3)/(-6))?
7
Let a = -41 - -69. List the prime factors of -1 + a*(1 + 0).
3
Suppose -23 = -c + 37. List the prime factors of c.
2, 3, 5
Let s(w) = -w**3 + 0*w**3 + 12 - 3*w - w**2 + 2*w. Let q = 1 - 1. List the prime factors of s(q).
2, 3
Let u(q) = -q**3 + 6*q**2 - 5*q + 5. Let z be u(5). Suppose -y + 1 = x, -z*y = -4*y + 5. What are the prime factors of x?
2, 3
Let f = 118 - 65. What are the prime factors of f?
53
Suppose -11 = -d - 3*v, 2*v = 4*d + 6 - 36. Suppose d = 2*o + 2*o. List the prime factors of o.
2
Let x(k) = -k - 5. Let l be (2/(-2))/((-2)/(-16)). Let h be x(l). Suppose -h*q = -8 - 4. What are the prime factors of q?
2
List the prime factors of (-4)/(-14) + (-1980)/(-28).
71
Suppose -n = -2, 4*n - n + 19 = p. List the prime factors of p.
5
Let g(w) = -w**2 - 4*w + 5. Let l be g(-4). Let v be -1 + 4*l - 3. Suppose a - 5*h + v = 0, -3*a + 4 = 2*h - 16. List the prime factors of a.
2
Suppose 0*v = 4*v + 4. Let b = 7 + v. List the prime factors of b.
2, 3
Let q(m) = -2*m - 11. Suppose -26 = 4*u + 22. List the prime factors of q(u).
13
Let l = -116 + 258. List the prime factors of l.
2, 71
Let d be 2/(-4) + (-21)/(-6). Suppose 147 = 4*s - 3*f + 29, d*f = -5*s + 134. List the prime factors of s.
2, 7
Suppose -5*t - 2*a = -129 - 198, 2*a = 4*t - 258. Let x = -26 + t. List the prime factors of x.
3, 13
Suppose r + 39 = 2*r. List the prime factors of r.
3, 13
Suppose -3*a = -a - 324. List the prime factors of (a/12)/(3/4).
2, 3
Suppose 0 = f - 2*f + 8. Let t = -5 + f. Suppose -2*a + t*v - 11 = 0, -2*a = -4*v - 0*v + 16. What are the prime factors of a?
2
Let w(l) = l**2 - 3*l + 5. Let x(k) = -2*k**2 + 3*k - 6. Let s(c) = -4*w(c) - 3*x(c). List the prime factors of s(-3).
7
Let l(g) be the first derivative of 7/3*g**3 + 0*g - 1 - 9/2*g**2 + 1/4*g**4. What are the prime factors of l(-8)?
2
Let i(k) = k + 8. List the prime factors of i(9).
17
Suppose 0*t + 12 = t. Suppose -t = o - 3*h, 3*o - h + 48 = 2*h. Let v = 1 - o. What are the prime factors of v?
19
Let m(d) = d**2 - 7*d - 24. List the prime factors of m(13).
2, 3
Suppose 11 - 51 = -5*o. What are the prime factors of o?
2
Let i(o) = -o**2 - 4*o + 4. Let x(v) = v - 9. Let t be x(5). Let y be i(t). Suppose 30 = y*r - 2. What are the prime factors of r?
2
Suppose 3*h - 20 = -h. Suppose -1 = -t + h. Suppose -x + 9 = -o, 4*o - t = -3*x + 35. What are the prime factors of x?
11
Suppose -3*x = -37